{"id":588,"date":"2014-02-13T21:42:50","date_gmt":"2014-02-13T19:42:50","guid":{"rendered":"http:\/\/tuerenberlin.de\/tuerenfachmann\/?page_id=588"},"modified":"2024-06-19T11:11:34","modified_gmt":"2024-06-19T09:11:34","slug":"impressum","status":"publish","type":"page","link":"https:\/\/tuerenberlin.de\/tuerenfachmann\/impressum\/","title":{"rendered":"Impressum"},"content":{"rendered":"<p><strong>Angaben gem\u00e4\u00df \u00a7 5 TMG:<\/strong><br \/>\nThomas Haske<br \/>\nBlankenburger Stra\u00dfe 149 a<br \/>\n13127 Berlin<\/p>\n<p><strong>Kontakt:<\/strong><br \/>\nTel: +49 30 &#8211; 857 462 444<br \/>\nFax: +49 30 &#8211; 857 462 445<br \/>\nE-Mail: kontakt@haske.de<\/p>\n<p><strong>Registereintrag:<\/strong><br \/>\nEintragung im Handelsregister.<br \/>\nRegistergericht: Charlottenburg<br \/>\nRegisternummer: HRA 25221<\/p>\n<p><strong>Umsatzsteuer-ID, UVL-Nr. und Ust.Nr.:<\/strong><br \/>\nUmsatzsteuer-Identifikationsnummer gem\u00e4\u00df \u00a727 a Umsatzsteuergesetz:<br \/>\nUst.IdNr.: De 136871984<br \/>\nULV-Nr.: 07203<br \/>\nUst.Nr.: 333\/61669<br \/>\n<strong><br \/>\nStreitschlichtung<\/strong><br \/>\nDie Europ\u00e4ische Kommission stellt eine Plattform zur Online-Streitbeilegung (OS) bereit:<br \/>\n<a href=\"https:\/\/ec.europa.eu\/consumers\/odr\" rel=\"noopener\" target=\"_blank\">https:\/\/ec.europa.eu\/consumers\/odr<\/a><br \/>\nUnsere E-Mail-Adresse finden Sie oben im Impressum.<\/p>\n<p><strong>Bildquellen:<\/strong><br \/>\nDas verwendete Bildmaterial stammt von unseren Partnern:<br \/>\nPAX-AG<br \/>\nKubasch<br \/>\nAdoro<br \/>\nMoralt<br \/>\nTeckentrupp<br \/>\nRodenberg<br \/>\nRoma<br \/>\nDana<br \/>\nGraute<\/p>\n<p><strong>Prospekte und Kataloge:<\/strong><br \/>\nPax<br \/>\nBayerwald<br \/>\nGraute<br \/>\nRIHA<br \/>\nRodenberg<br \/>\nH\u00e4fele<br \/>\nObuc<br \/>\nAdoro<br \/>\nHoermann<br \/>\nKubasch<br \/>\nJeldwen<br \/>\nHilzinger<br \/>\nGarant<br \/>\nHGM<br \/>\nAstra<br \/>\nPiktura<br \/>\nKronold<br \/>\nHoppe<br \/>\nS\u00fcdmetall<br \/>\nBisschop<\/p>\n<p>__________________________________________________<\/p>\n<p><strong>Haftungsausschluss:<\/strong><br \/>\n<strong>Haftung f\u00fcr Inhalte<\/strong><br \/>\nDie Inhalte unserer Seiten wurden mit gr\u00f6\u00dfter Sorgfalt erstellt. F\u00fcr die Richtigkeit, Vollst\u00e4ndigkeit und Aktualit\u00e4t der Inhalte k\u00f6nnen wir jedoch keine Gew\u00e4hr \u00fcbernehmen. Als Diensteanbieter sind wir gem\u00e4\u00df \u00a7 7 Abs.1 TMG f\u00fcr eigene Inhalte auf diesen Seiten nach den allgemeinen Gesetzen verantwortlich. Nach \u00a7\u00a7 8 bis 10 TMG sind wir als Diensteanbieter jedoch nicht verpflichtet, \u00fcbermittelte oder gespeicherte fremde Informationen zu \u00fcberwachen oder nach Umst\u00e4nden zu forschen, die auf eine rechtswidrige T\u00e4tigkeit hinweisen. Verpflichtungen zur Entfernung oder Sperrung der Nutzung von Informationen nach den allgemeinen Gesetzen bleiben hiervon unber\u00fchrt. Eine diesbez\u00fcgliche Haftung ist jedoch erst ab dem Zeitpunkt der Kenntnis einer konkreten Rechtsverletzung m\u00f6glich. Bei Bekanntwerden von entsprechenden Rechtsverletzungen werden wir diese Inhalte umgehend entfernen.<\/p>\n<p><strong>Haftung f\u00fcr Links<\/strong><br \/>\nUnser Angebot enth\u00e4lt Links zu externen Webseiten Dritter, auf deren Inhalte wir keinen Einfluss haben. Deshalb k\u00f6nnen wir f\u00fcr diese fremden Inhalte auch keine Gew\u00e4hr \u00fcbernehmen. F\u00fcr die Inhalte der verlinkten Seiten ist stets der jeweilige Anbieter oder Betreiber der Seiten verantwortlich. Die verlinkten Seiten wurden zum Zeitpunkt der Verlinkung auf m\u00f6gliche Rechtsverst\u00f6\u00dfe \u00fcberpr\u00fcft. Rechtswidrige Inhalte waren zum Zeitpunkt der Verlinkung nicht erkennbar. Eine permanente inhaltliche Kontrolle der verlinkten Seiten ist jedoch ohne konkrete Anhaltspunkte einer Rechtsverletzung nicht zumutbar. Bei Bekanntwerden von Rechtsverletzungen werden wir derartige Links umgehend entfernen.<\/p>\n<p><strong>Urheberrecht<\/strong><br \/>\nDie durch die Seitenbetreiber erstellten Inhalte und Werke auf diesen Seiten unterliegen dem deutschen Urheberrecht. Die Vervielf\u00e4ltigung, Bearbeitung, Verbreitung und jede Art der Verwertung au\u00dferhalb der Grenzen des Urheberrechtes bed\u00fcrfen der schriftlichen Zustimmung des jeweiligen Autors bzw. Erstellers. Downloads und Kopien dieser Seite sind nur f\u00fcr den privaten, nicht kommerziellen Gebrauch gestattet. Soweit die Inhalte auf dieser Seite nicht vom Betreiber erstellt wurden, werden die Urheberrechte Dritter beachtet. Insbesondere werden Inhalte Dritter als solche gekennzeichnet. Sollten Sie trotzdem auf eine Urheberrechtsverletzung aufmerksam werden, bitten wir um einen entsprechenden Hinweis. Bei Bekanntwerden von Rechtsverletzungen werden wir derartige Inhalte umgehend entfernen.<\/p>\n<p><a href=\"#\" title=\"Hoch zum Seitenanfang\"><br \/>\n<strong>&#8230; hoch zum Seitenanfang<\/strong><\/a><\/p>\n","protected":false},"excerpt":{"rendered":"<p>Angaben gem\u00e4\u00df \u00a7 5 TMG: Thomas Haske Blankenburger Stra\u00dfe 149 a 13127 Berlin Kontakt: Tel: +49 30 &#8211; 857 462 444 Fax: +49 30 &#8211; 857 462 445 E-Mail: kontakt@haske.de Registereintrag: Eintragung im Handelsregister. Registergericht: Charlottenburg Registernummer: HRA 25221 Umsatzsteuer-ID, UVL-Nr. und Ust.Nr.: Umsatzsteuer-Identifikationsnummer gem\u00e4\u00df \u00a727 a Umsatzsteuergesetz: Ust.IdNr.: De 136871984 ULV-Nr.: 07203 Ust.Nr.: 333\/61669 [&hellip;]<\/p>\n","protected":false},"author":1,"featured_media":0,"parent":0,"menu_order":0,"comment_status":"closed","ping_status":"open","template":"","meta":{"footnotes":""},"class_list":["post-588","page","type-page","status-publish","hentry"],"_links":{"self":[{"href":"https:\/\/tuerenberlin.de\/tuerenfachmann\/wp-json\/wp\/v2\/pages\/588"}],"collection":[{"href":"https:\/\/tuerenberlin.de\/tuerenfachmann\/wp-json\/wp\/v2\/pages"}],"about":[{"href":"https:\/\/tuerenberlin.de\/tuerenfachmann\/wp-json\/wp\/v2\/types\/page"}],"author":[{"embeddable":true,"href":"https:\/\/tuerenberlin.de\/tuerenfachmann\/wp-json\/wp\/v2\/users\/1"}],"replies":[{"embeddable":true,"href":"https:\/\/tuerenberlin.de\/tuerenfachmann\/wp-json\/wp\/v2\/comments?post=588"}],"version-history":[{"count":19,"href":"https:\/\/tuerenberlin.de\/tuerenfachmann\/wp-json\/wp\/v2\/pages\/588\/revisions"}],"predecessor-version":[{"id":3003,"href":"https:\/\/tuerenberlin.de\/tuerenfachmann\/wp-json\/wp\/v2\/pages\/588\/revisions\/3003"}],"wp:attachment":[{"href":"https:\/\/tuerenberlin.de\/tuerenfachmann\/wp-json\/wp\/v2\/media?parent=588"}],"curies":[{"name":"wp","href":"https:\/\/api.w.org\/{rel}","templated":true}]}}