{"id":291,"date":"2014-01-27T14:33:53","date_gmt":"2014-01-27T12:33:53","guid":{"rendered":"http:\/\/tuerenberlin.de\/tuerenfachmann\/?page_id=291"},"modified":"2025-04-16T09:32:58","modified_gmt":"2025-04-16T07:32:58","slug":"haustuerkonfigurator","status":"publish","type":"page","link":"https:\/\/tuerenberlin.de\/tuerenfachmann\/haustuerkonfigurator\/","title":{"rendered":"T\u00fcren-Konfigurator"},"content":{"rendered":"\n<p><strong>RK-DOORS (Aluminium-Haust\u00fcren)<\/strong><a href=\"https:\/\/rk.door-konfigurator.com\/\" target=\"_blank\" rel=\"noopener noreferrer\"><img loading=\"lazy\" decoding=\"async\" class=\"alignnone size-full wp-image-3242\" src=\"https:\/\/tuerenberlin.de\/tuerenfachmann\/wp-content\/uploads\/2025\/04\/Konfigurator-rk-doors-2.jpg\" alt=\"Haust\u00fcr-Designer RK-doors\" width=\"685\" height=\"263\"><\/a><\/p>\n\n<p><strong>Rekord-T\u00fcren (Kunststoff- und Holzt\u00fcren)<\/strong><a href=\"https:\/\/rekord.tueren-designer.com\/\" target=\"_blank\" rel=\"noopener noreferrer\"><img loading=\"lazy\" decoding=\"async\" class=\"alignnone size-full wp-image-3242\" src=\"https:\/\/tuerenberlin.de\/tuerenfachmann\/wp-content\/uploads\/2025\/04\/Konfigurator-rekord-tueren-1.jpg\" alt=\"Haust\u00fcr-Designer Holz (Konfigurator f\u00fcr Holz-Haust\u00fcren)\" width=\"685\" height=\"263\"><\/a><\/p>\n\n<p><strong>PaXentr\u00e9e Haust\u00fcren-Planer (Aluminium Haust\u00fcren)<\/strong><a href=\"https:\/\/meinehaustuer.haske.de\/\" target=\"_blank\" rel=\"noopener noreferrer\"><img loading=\"lazy\" decoding=\"async\" class=\"alignnone size-full wp-image-3242\" src=\"https:\/\/tuerenberlin.de\/tuerenfachmann\/wp-content\/uploads\/2022\/12\/PaX_2b-Tuerenkonfigurator.jpg\" alt=\"PaX PaXentr\u00e9e Haust\u00fcren-Planer\" width=\"685\" height=\"263\"><\/a><\/p>\n\n<p><strong>K\u00d6STER Haust\u00fcren-Planer (Aluminium)<\/strong><br><a href=\"https:\/\/haske.tueren-designer.com\/\" target=\"_blank\" rel=\"noopener noreferrer\"><img loading=\"lazy\" decoding=\"async\" class=\"alignnone size-full wp-image-2903\" src=\"https:\/\/tuerenberlin.de\/tuerenfachmann\/wp-content\/uploads\/2022\/10\/Konfigurator-koester.jpg\" alt=\"\" width=\"685\" height=\"263\"><\/a><\/p>\n\n<p><strong>GAYKO Haust\u00fcren-Designer (Aluminium)<\/strong><a href=\"https:\/\/www.gayko-konfigurator.de\/app\/start\/\" target=\"_blank\" rel=\"noopener noreferrer\"><img decoding=\"async\" class=\"alignnone size-full wp-image-3242\" src=\"https:\/\/tuerenberlin.de\/tuerenfachmann\/wp-content\/uploads\/2020\/09\/gayko.jpg\" alt=\"GAYKO T\u00fcrendesigner\" width=\"685\" height=\"\u201e263\u201c\"><\/a><\/p>\n\n<p><strong>ADORO Haust\u00fcren-Planer (Aluminium)<\/strong><a href=\"https:\/\/konfigurator.adoro-tueren.com\/?partner=12164\" target=\"_blank\" rel=\"noopener noreferrer\"><img decoding=\"async\" class=\"alignnone size-full wp-image-3242\" src=\"https:\/\/tuerenberlin.de\/tuerenfachmann\/wp-content\/uploads\/2022\/10\/Konfigurator-adoro.jpg\" alt=\"Adoro T\u00fcrenkonfigurator\" width=\"685\" height=\"\u201e263\u201c\"><\/a><\/p>\n\n<p><strong>GRAUTE (Aluminium-Haust\u00fcren)<\/strong><br><a href=\"https:\/\/konfigurator.graute.de\/?encodeddealeremail=aW5mb0BoYXNrZS5kZQ==\" target=\"_blank\" rel=\"noopener noreferrer\"><img decoding=\"async\" class=\"alignnone size-full wp-image-2905\" src=\"https:\/\/tuerenberlin.de\/tuerenfachmann\/wp-content\/uploads\/2025\/04\/Konfigurator-graute-1.jpg\" alt=\"\u201eGraute\" Haust\u00fcrenkonfigurator\u201c=\"\" width=\"685\" height=\"\u201e263\"><\/a><\/p>\n\n<p><strong>RODENBERG Haust\u00fcren-Planer (Kunststoff\/Aluminium)<\/strong><a href=\"https:\/\/haske.traumtuer-konfigurator.de\/\" target=\"_blank\" rel=\"noopener noreferrer\"><img decoding=\"async\" class=\"alignnone size-full wp-image-3242\" src=\"https:\/\/tuerenberlin.de\/tuerenfachmann\/wp-content\/uploads\/2020\/09\/Rodenberg-Tuerenkonfigurator-1.jpg\" alt=\"\u201eRodenberg-T\u00fcrenkonfigurator&quot;\" width=\"685\" height=\"\u201e263\u201c\"><\/a><\/p>\n\n<p><strong>SAPELI Innent\u00fcren-Planer (CPL-HPL-Lack-Furnier)<\/strong><br><a href=\"https:\/\/www.sapeli.cz\/de\/meine-tueren\" target=\"_blank\" rel=\"noopener noreferrer\"><img loading=\"lazy\" decoding=\"async\" class=\"alignnone size-full wp-image-2905\" src=\"https:\/\/tuerenberlin.de\/tuerenfachmann\/wp-content\/uploads\/2022\/10\/Konfigurator-sapeli.jpg\" alt=\"Sapli t\u00fcrenkonfigurator\" width=\"685\" height=\"263\"><\/a><\/p>\n\n\n\n<p><\/p>\n","protected":false},"excerpt":{"rendered":"<p>RK-DOORS (Aluminium-Haust\u00fcren) Rekord-T\u00fcren (Kunststoff- und Holzt\u00fcren) PaXentr\u00e9e Haust\u00fcren-Planer (Aluminium Haust\u00fcren) K\u00d6STER Haust\u00fcren-Planer (Aluminium) GAYKO Haust\u00fcren-Designer (Aluminium) ADORO Haust\u00fcren-Planer (Aluminium) GRAUTE (Aluminium-Haust\u00fcren) RODENBERG Haust\u00fcren-Planer (Kunststoff\/Aluminium) SAPELI Innent\u00fcren-Planer (CPL-HPL-Lack-Furnier)<\/p>\n","protected":false},"author":1,"featured_media":0,"parent":0,"menu_order":0,"comment_status":"open","ping_status":"open","template":"","meta":{"footnotes":""},"class_list":["post-291","page","type-page","status-publish","hentry"],"_links":{"self":[{"href":"https:\/\/tuerenberlin.de\/tuerenfachmann\/wp-json\/wp\/v2\/pages\/291"}],"collection":[{"href":"https:\/\/tuerenberlin.de\/tuerenfachmann\/wp-json\/wp\/v2\/pages"}],"about":[{"href":"https:\/\/tuerenberlin.de\/tuerenfachmann\/wp-json\/wp\/v2\/types\/page"}],"author":[{"embeddable":true,"href":"https:\/\/tuerenberlin.de\/tuerenfachmann\/wp-json\/wp\/v2\/users\/1"}],"replies":[{"embeddable":true,"href":"https:\/\/tuerenberlin.de\/tuerenfachmann\/wp-json\/wp\/v2\/comments?post=291"}],"version-history":[{"count":94,"href":"https:\/\/tuerenberlin.de\/tuerenfachmann\/wp-json\/wp\/v2\/pages\/291\/revisions"}],"predecessor-version":[{"id":3747,"href":"https:\/\/tuerenberlin.de\/tuerenfachmann\/wp-json\/wp\/v2\/pages\/291\/revisions\/3747"}],"wp:attachment":[{"href":"https:\/\/tuerenberlin.de\/tuerenfachmann\/wp-json\/wp\/v2\/media?parent=291"}],"curies":[{"name":"wp","href":"https:\/\/api.w.org\/{rel}","templated":true}]}}