{"id":2732,"date":"2018-04-16T15:08:50","date_gmt":"2018-04-16T13:08:50","guid":{"rendered":"http:\/\/tuerenberlin.de\/tuerenfachmann\/?page_id=2732"},"modified":"2018-04-19T15:20:26","modified_gmt":"2018-04-19T13:20:26","slug":"edelstahlvordaecher","status":"publish","type":"page","link":"https:\/\/tuerenberlin.de\/tuerenfachmann\/vordaecher\/edelstahlvordaecher\/","title":{"rendered":"Edelstahlvord\u00e4cher"},"content":{"rendered":"<p>Edelstahlvord\u00e4cher sind hochwertige in handwerklicher Arbeit gefertigte Qualit\u00e4tsprodukte. Die Edelstahlprofile und Drehteile bilden zusammen mit der Verglasung aus VSG\/TVG eine formsch\u00f6ne Einheit.<\/p>\n<p>Abweichende Modellgr\u00f6\u00dfen und Sonderkonstruktionen sind entsprechend Ihrer Bausituation und den damit verbundenen technischen M\u00f6glichkeiten lieferbar.<\/p>\n<p> <img loading=\"lazy\" decoding=\"async\" src=\"http:\/\/tuerenberlin.de\/tuerenfachmann\/wp-content\/uploads\/2018\/04\/edelstahlvordaecher.jpg\" alt=\"Edelstahlvord\u00e4cher\" width=\"628\" height=\"2221\" class=\"alignnone size-full wp-image-2733\" srcset=\"https:\/\/tuerenberlin.de\/tuerenfachmann\/wp-content\/uploads\/2018\/04\/edelstahlvordaecher.jpg 628w, https:\/\/tuerenberlin.de\/tuerenfachmann\/wp-content\/uploads\/2018\/04\/edelstahlvordaecher-85x300.jpg 85w\" sizes=\"(max-width: 628px) 100vw, 628px\" \/><\/p>\n","protected":false},"excerpt":{"rendered":"<p>Edelstahlvord\u00e4cher sind hochwertige in handwerklicher Arbeit gefertigte Qualit\u00e4tsprodukte. Die Edelstahlprofile und Drehteile bilden zusammen mit der Verglasung aus VSG\/TVG eine formsch\u00f6ne Einheit. Abweichende Modellgr\u00f6\u00dfen und Sonderkonstruktionen sind entsprechend Ihrer Bausituation und den damit verbundenen technischen M\u00f6glichkeiten lieferbar.<\/p>\n","protected":false},"author":1,"featured_media":0,"parent":2714,"menu_order":0,"comment_status":"closed","ping_status":"closed","template":"","meta":{"footnotes":""},"class_list":["post-2732","page","type-page","status-publish","hentry"],"_links":{"self":[{"href":"https:\/\/tuerenberlin.de\/tuerenfachmann\/wp-json\/wp\/v2\/pages\/2732"}],"collection":[{"href":"https:\/\/tuerenberlin.de\/tuerenfachmann\/wp-json\/wp\/v2\/pages"}],"about":[{"href":"https:\/\/tuerenberlin.de\/tuerenfachmann\/wp-json\/wp\/v2\/types\/page"}],"author":[{"embeddable":true,"href":"https:\/\/tuerenberlin.de\/tuerenfachmann\/wp-json\/wp\/v2\/users\/1"}],"replies":[{"embeddable":true,"href":"https:\/\/tuerenberlin.de\/tuerenfachmann\/wp-json\/wp\/v2\/comments?post=2732"}],"version-history":[{"count":4,"href":"https:\/\/tuerenberlin.de\/tuerenfachmann\/wp-json\/wp\/v2\/pages\/2732\/revisions"}],"predecessor-version":[{"id":2908,"href":"https:\/\/tuerenberlin.de\/tuerenfachmann\/wp-json\/wp\/v2\/pages\/2732\/revisions\/2908"}],"up":[{"embeddable":true,"href":"https:\/\/tuerenberlin.de\/tuerenfachmann\/wp-json\/wp\/v2\/pages\/2714"}],"wp:attachment":[{"href":"https:\/\/tuerenberlin.de\/tuerenfachmann\/wp-json\/wp\/v2\/media?parent=2732"}],"curies":[{"name":"wp","href":"https:\/\/api.w.org\/{rel}","templated":true}]}}