{"id":271,"date":"2013-12-12T12:43:57","date_gmt":"2013-12-12T10:43:57","guid":{"rendered":"http:\/\/tuerenberlin.de\/tuerenfachmann\/?page_id=271"},"modified":"2014-09-23T10:43:31","modified_gmt":"2014-09-23T08:43:31","slug":"schiebetuersysteme","status":"publish","type":"page","link":"https:\/\/tuerenberlin.de\/tuerenfachmann\/produkte\/produkt-3\/schiebetuersysteme\/","title":{"rendered":"Schiebet\u00fcrsysteme"},"content":{"rendered":"<p><figure id=\"attachment_992\" aria-describedby=\"caption-attachment-992\" style=\"width: 628px\" class=\"wp-caption alignnone\"><a href=\"http:\/\/tuerenberlin.de\/tuerenfachmann\/wp-content\/uploads\/2013\/12\/schiebetuer.jpg\"><img loading=\"lazy\" decoding=\"async\" src=\"http:\/\/tuerenberlin.de\/tuerenfachmann\/wp-content\/uploads\/2013\/12\/schiebetuer.jpg\" alt=\"Schiebet\u00fcrsysteme sind elegant und sparen Platz.\" width=\"628\" height=\"285\" class=\"size-full wp-image-992\" srcset=\"https:\/\/tuerenberlin.de\/tuerenfachmann\/wp-content\/uploads\/2013\/12\/schiebetuer.jpg 628w, https:\/\/tuerenberlin.de\/tuerenfachmann\/wp-content\/uploads\/2013\/12\/schiebetuer-300x136.jpg 300w\" sizes=\"(max-width: 628px) 100vw, 628px\" \/><\/a><figcaption id=\"caption-attachment-992\" class=\"wp-caption-text\">Schiebet\u00fcrsysteme sind elegant und sparen Platz.<\/figcaption><\/figure>Breite Durchg\u00e4nge eignen sich besonders gut f\u00fcr Schiebet\u00fcrsysteme. Die Schiebetechnik schafft Platz und erzeugt ein gro\u00dfz\u00fcgiges Wohngef\u00fchl. <\/p>\n<p>Unsere Schiebet\u00fcrsysteme bieten eine hochwertige Technik in Edelstahl und Aluminium sowie absolute Leichtg\u00e4ngigkeit und Laufruhe. <\/p>\n<p>__________________________________________________________________________________<br \/>\n<strong>Genie\u00dfen Sie die Leichtigkeit modernen Wohnens. Lassen Sie sich beraten!<\/strong><\/p>\n","protected":false},"excerpt":{"rendered":"<p>Breite Durchg\u00e4nge eignen sich besonders gut f\u00fcr Schiebet\u00fcrsysteme. Die Schiebetechnik schafft Platz und erzeugt ein gro\u00dfz\u00fcgiges Wohngef\u00fchl. Unsere Schiebet\u00fcrsysteme bieten eine hochwertige Technik in Edelstahl und Aluminium sowie absolute Leichtg\u00e4ngigkeit und Laufruhe. __________________________________________________________________________________ Genie\u00dfen Sie die Leichtigkeit modernen Wohnens. Lassen Sie sich beraten!<\/p>\n","protected":false},"author":1,"featured_media":0,"parent":22,"menu_order":0,"comment_status":"open","ping_status":"open","template":"","meta":{"footnotes":""},"class_list":["post-271","page","type-page","status-publish","hentry"],"_links":{"self":[{"href":"https:\/\/tuerenberlin.de\/tuerenfachmann\/wp-json\/wp\/v2\/pages\/271"}],"collection":[{"href":"https:\/\/tuerenberlin.de\/tuerenfachmann\/wp-json\/wp\/v2\/pages"}],"about":[{"href":"https:\/\/tuerenberlin.de\/tuerenfachmann\/wp-json\/wp\/v2\/types\/page"}],"author":[{"embeddable":true,"href":"https:\/\/tuerenberlin.de\/tuerenfachmann\/wp-json\/wp\/v2\/users\/1"}],"replies":[{"embeddable":true,"href":"https:\/\/tuerenberlin.de\/tuerenfachmann\/wp-json\/wp\/v2\/comments?post=271"}],"version-history":[{"count":12,"href":"https:\/\/tuerenberlin.de\/tuerenfachmann\/wp-json\/wp\/v2\/pages\/271\/revisions"}],"predecessor-version":[{"id":1820,"href":"https:\/\/tuerenberlin.de\/tuerenfachmann\/wp-json\/wp\/v2\/pages\/271\/revisions\/1820"}],"up":[{"embeddable":true,"href":"https:\/\/tuerenberlin.de\/tuerenfachmann\/wp-json\/wp\/v2\/pages\/22"}],"wp:attachment":[{"href":"https:\/\/tuerenberlin.de\/tuerenfachmann\/wp-json\/wp\/v2\/media?parent=271"}],"curies":[{"name":"wp","href":"https:\/\/api.w.org\/{rel}","templated":true}]}}