{"id":252,"date":"2013-12-12T12:25:04","date_gmt":"2013-12-12T10:25:04","guid":{"rendered":"http:\/\/tuerenberlin.de\/tuerenfachmann\/?page_id=252"},"modified":"2014-08-21T17:29:04","modified_gmt":"2014-08-21T15:29:04","slug":"kunststoff","status":"publish","type":"page","link":"https:\/\/tuerenberlin.de\/tuerenfachmann\/produkte\/produkt-1\/kunststoff\/","title":{"rendered":"Kunststoffhaust\u00fcren"},"content":{"rendered":"<figure id=\"attachment_1724\" aria-describedby=\"caption-attachment-1724\" style=\"width: 628px\" class=\"wp-caption alignnone\"><img loading=\"lazy\" decoding=\"async\" src=\"http:\/\/tuerenberlin.de\/tuerenfachmann\/wp-content\/uploads\/2013\/12\/Pax06.jpg\" alt=\"Kunststoffhaust\u00fcr\" width=\"628\" height=\"285\" class=\"size-full wp-image-1724\" srcset=\"https:\/\/tuerenberlin.de\/tuerenfachmann\/wp-content\/uploads\/2013\/12\/Pax06.jpg 628w, https:\/\/tuerenberlin.de\/tuerenfachmann\/wp-content\/uploads\/2013\/12\/Pax06-300x136.jpg 300w\" sizes=\"(max-width: 628px) 100vw, 628px\" \/><figcaption id=\"caption-attachment-1724\" class=\"wp-caption-text\">Kunststoffhaust\u00fcren sind besonders pflegeleicht und langlebig<\/figcaption><\/figure>\n<p>Kunststoffhaust\u00fcren sind besonders pflegeleicht und langlebig. Die Varianten an Farben und Oberfl\u00e4chenbeschichtungen sind vielf\u00e4ltig und bieten somit ein weites Spektrum an M\u00f6glichkeiten und kreativen Spielr\u00e4umen.<\/p>\n<p>___________________________________________________________________________<br \/>\n<strong>Nutzen Sie unseren Aufma\u00dfservice. Wir liefern alle T\u00fcren ma\u00dfgefertigt.<\/strong><\/p>\n","protected":false},"excerpt":{"rendered":"<p>Kunststoffhaust\u00fcren sind besonders pflegeleicht und langlebig. Die Varianten an Farben und Oberfl\u00e4chenbeschichtungen sind vielf\u00e4ltig und bieten somit ein weites Spektrum an M\u00f6glichkeiten und kreativen Spielr\u00e4umen. ___________________________________________________________________________ Nutzen Sie unseren Aufma\u00dfservice. Wir liefern alle T\u00fcren ma\u00dfgefertigt.<\/p>\n","protected":false},"author":1,"featured_media":0,"parent":18,"menu_order":0,"comment_status":"open","ping_status":"open","template":"","meta":{"footnotes":""},"class_list":["post-252","page","type-page","status-publish","hentry"],"_links":{"self":[{"href":"https:\/\/tuerenberlin.de\/tuerenfachmann\/wp-json\/wp\/v2\/pages\/252"}],"collection":[{"href":"https:\/\/tuerenberlin.de\/tuerenfachmann\/wp-json\/wp\/v2\/pages"}],"about":[{"href":"https:\/\/tuerenberlin.de\/tuerenfachmann\/wp-json\/wp\/v2\/types\/page"}],"author":[{"embeddable":true,"href":"https:\/\/tuerenberlin.de\/tuerenfachmann\/wp-json\/wp\/v2\/users\/1"}],"replies":[{"embeddable":true,"href":"https:\/\/tuerenberlin.de\/tuerenfachmann\/wp-json\/wp\/v2\/comments?post=252"}],"version-history":[{"count":13,"href":"https:\/\/tuerenberlin.de\/tuerenfachmann\/wp-json\/wp\/v2\/pages\/252\/revisions"}],"predecessor-version":[{"id":1725,"href":"https:\/\/tuerenberlin.de\/tuerenfachmann\/wp-json\/wp\/v2\/pages\/252\/revisions\/1725"}],"up":[{"embeddable":true,"href":"https:\/\/tuerenberlin.de\/tuerenfachmann\/wp-json\/wp\/v2\/pages\/18"}],"wp:attachment":[{"href":"https:\/\/tuerenberlin.de\/tuerenfachmann\/wp-json\/wp\/v2\/media?parent=252"}],"curies":[{"name":"wp","href":"https:\/\/api.w.org\/{rel}","templated":true}]}}