{"id":2100,"date":"2016-11-30T10:42:17","date_gmt":"2016-11-30T08:42:17","guid":{"rendered":"http:\/\/tuerenberlin.de\/tuerenfachmann\/?page_id=2100"},"modified":"2022-10-13T14:06:44","modified_gmt":"2022-10-13T12:06:44","slug":"wetterfeste-farben","status":"publish","type":"page","link":"https:\/\/tuerenberlin.de\/tuerenfachmann\/produkte\/tuerelemente\/wetterfeste-farben\/","title":{"rendered":"Wetterfeste Farben f\u00fcr T\u00fcren"},"content":{"rendered":"<p><img loading=\"lazy\" decoding=\"async\" class=\"alignnone size-full wp-image-2102\" src=\"https:\/\/tuerenberlin.de\/tuerenfachmann\/wp-content\/uploads\/2022\/10\/wetterfeste-farben.jpg\" alt=\"wetterfestefarben\" width=\"628\" height=\"285\"><\/p>\n<p>Haust\u00fcren sind dem Wetter ausgesetzt. Auch starke Temperaturschwankungen zwischen K\u00e4lte und W\u00e4rme, Feuchtigkeit und UV-Strahlung d\u00fcrfen dem Lack nichts anhaben. W\u00e4hlen Sie daher Farben in einer hochwetterfesten Ausf\u00fchrung. Eine Pulverbeschichtung ist l\u00e4nger farb- und witterungsbest\u00e4ndig.<br \/>\nAlle T\u00fcrfarben lassen sich mit Ihren Fenstern, Rolll\u00e4den oder Zubeh\u00f6r harmonisch abstimmen und kombinieren. W\u00e4hlen Sie hier aus einer Vielzahl von Farben und Dekoren.<\/p>\n<p><strong>Matte, glatte Farben &#8211; hochwetterfest<\/strong><br \/>\nPulverbeschichtung ist l\u00e4nger farb- und witterungsbest\u00e4ndig.<\/p>\n<p><img loading=\"lazy\" decoding=\"async\" class=\"alignnone size-full wp-image-2113\" src=\"http:\/\/tuerenberlin.de\/tuerenfachmann\/wp-content\/uploads\/2014\/08\/farbkarte-matt-1.jpg\" alt=\"farbkarte-matt\" width=\"628\" height=\"674\" srcset=\"https:\/\/tuerenberlin.de\/tuerenfachmann\/wp-content\/uploads\/2014\/08\/farbkarte-matt-1.jpg 628w, https:\/\/tuerenberlin.de\/tuerenfachmann\/wp-content\/uploads\/2014\/08\/farbkarte-matt-1-280x300.jpg 280w\" sizes=\"(max-width: 628px) 100vw, 628px\" \/><\/p>\n<hr>\n<p><strong>Metallic Farben &#8211; hochwetterfest<\/strong><br \/>\nGraut\u00f6ne sind bei Haust\u00fcren besonders beliebt.<\/p>\n<p><img loading=\"lazy\" decoding=\"async\" class=\"alignnone size-full wp-image-2114\" src=\"http:\/\/tuerenberlin.de\/tuerenfachmann\/wp-content\/uploads\/2014\/08\/farbkarte-metallic-1.jpg\" alt=\"farbkarte-metallic\" width=\"628\" height=\"676\" srcset=\"https:\/\/tuerenberlin.de\/tuerenfachmann\/wp-content\/uploads\/2014\/08\/farbkarte-metallic-1.jpg 628w, https:\/\/tuerenberlin.de\/tuerenfachmann\/wp-content\/uploads\/2014\/08\/farbkarte-metallic-1-279x300.jpg 279w\" sizes=\"(max-width: 628px) 100vw, 628px\" \/><\/p>\n<hr>\n<p><strong>Alternative Farben<\/strong><br \/>\nW\u00e4hlen Sie aus 38 gelisteten Alternativ-Farben.<\/p>\n<p><img loading=\"lazy\" decoding=\"async\" class=\"size-full wp-image-2107\" src=\"http:\/\/tuerenberlin.de\/tuerenfachmann\/wp-content\/uploads\/2014\/08\/farbkarte-glatt-matt.jpg\" alt=\"W\u00e4hlen Sie aus 38 gelisteten Alternativ-Farben.\" width=\"628\" height=\"1226\" srcset=\"https:\/\/tuerenberlin.de\/tuerenfachmann\/wp-content\/uploads\/2014\/08\/farbkarte-glatt-matt.jpg 628w, https:\/\/tuerenberlin.de\/tuerenfachmann\/wp-content\/uploads\/2014\/08\/farbkarte-glatt-matt-154x300.jpg 154w, https:\/\/tuerenberlin.de\/tuerenfachmann\/wp-content\/uploads\/2014\/08\/farbkarte-glatt-matt-525x1024.jpg 525w\" sizes=\"(max-width: 628px) 100vw, 628px\" \/><\/p>\n<hr>\n<p><strong>Feinstruktur Farben <\/strong><br \/>\nEine Feinstruktur-Oberfl\u00e4che ist noch unempfindlicher gegen Kratzer als andere Farbtypen. Daher sind Feinstruktur-Farben f\u00fcr die Beschichtung von Haust\u00fcren besonders gut geeignet.<\/p>\n<p><img loading=\"lazy\" decoding=\"async\" class=\"size-full wp-image-2108\" src=\"http:\/\/tuerenberlin.de\/tuerenfachmann\/wp-content\/uploads\/2014\/08\/farbkarte-feinstrukturfarben.jpg\" alt=\"Eine Oberfl\u00e4che in Feinstruktur ist noch unempfindlicher gegen Kratzer.\" width=\"628\" height=\"609\" srcset=\"https:\/\/tuerenberlin.de\/tuerenfachmann\/wp-content\/uploads\/2014\/08\/farbkarte-feinstrukturfarben.jpg 628w, https:\/\/tuerenberlin.de\/tuerenfachmann\/wp-content\/uploads\/2014\/08\/farbkarte-feinstrukturfarben-300x291.jpg 300w\" sizes=\"(max-width: 628px) 100vw, 628px\" \/><\/p>\n<hr>\n<p><strong>Holzdekore matt, Feinstruktur <\/strong><\/p>\n<p><img loading=\"lazy\" decoding=\"async\" class=\"size-full wp-image-2109\" src=\"http:\/\/tuerenberlin.de\/tuerenfachmann\/wp-content\/uploads\/2014\/08\/farbkarte-holzstrukturen.jpg\" alt=\"Olive dunkel und Olive hell sind ausschlie\u00dflich als Applikationen in matt und hochgl\u00e4nzend erh\u00e4ltlich.\" width=\"628\" height=\"271\" srcset=\"https:\/\/tuerenberlin.de\/tuerenfachmann\/wp-content\/uploads\/2014\/08\/farbkarte-holzstrukturen.jpg 628w, https:\/\/tuerenberlin.de\/tuerenfachmann\/wp-content\/uploads\/2014\/08\/farbkarte-holzstrukturen-300x129.jpg 300w\" sizes=\"(max-width: 628px) 100vw, 628px\" \/><\/p>\n<p>__________________________________________________________________________<br \/>\n<strong>Individuelle Gestaltung Ihrer T\u00fcren \u2013 Sprechen Sie uns an!<\/strong><\/p>\n","protected":false},"excerpt":{"rendered":"<p>Haust\u00fcren sind dem Wetter ausgesetzt. Auch starke Temperaturschwankungen zwischen K\u00e4lte und W\u00e4rme, Feuchtigkeit und UV-Strahlung d\u00fcrfen dem Lack nichts anhaben. W\u00e4hlen Sie daher Farben in einer hochwetterfesten Ausf\u00fchrung. Eine Pulverbeschichtung ist l\u00e4nger farb- und witterungsbest\u00e4ndig. Alle T\u00fcrfarben lassen sich mit Ihren Fenstern, Rolll\u00e4den oder Zubeh\u00f6r harmonisch abstimmen und kombinieren. W\u00e4hlen Sie hier aus einer Vielzahl [&hellip;]<\/p>\n","protected":false},"author":1,"featured_media":0,"parent":187,"menu_order":0,"comment_status":"closed","ping_status":"closed","template":"","meta":{"footnotes":""},"class_list":["post-2100","page","type-page","status-publish","hentry"],"_links":{"self":[{"href":"https:\/\/tuerenberlin.de\/tuerenfachmann\/wp-json\/wp\/v2\/pages\/2100"}],"collection":[{"href":"https:\/\/tuerenberlin.de\/tuerenfachmann\/wp-json\/wp\/v2\/pages"}],"about":[{"href":"https:\/\/tuerenberlin.de\/tuerenfachmann\/wp-json\/wp\/v2\/types\/page"}],"author":[{"embeddable":true,"href":"https:\/\/tuerenberlin.de\/tuerenfachmann\/wp-json\/wp\/v2\/users\/1"}],"replies":[{"embeddable":true,"href":"https:\/\/tuerenberlin.de\/tuerenfachmann\/wp-json\/wp\/v2\/comments?post=2100"}],"version-history":[{"count":8,"href":"https:\/\/tuerenberlin.de\/tuerenfachmann\/wp-json\/wp\/v2\/pages\/2100\/revisions"}],"predecessor-version":[{"id":3519,"href":"https:\/\/tuerenberlin.de\/tuerenfachmann\/wp-json\/wp\/v2\/pages\/2100\/revisions\/3519"}],"up":[{"embeddable":true,"href":"https:\/\/tuerenberlin.de\/tuerenfachmann\/wp-json\/wp\/v2\/pages\/187"}],"wp:attachment":[{"href":"https:\/\/tuerenberlin.de\/tuerenfachmann\/wp-json\/wp\/v2\/media?parent=2100"}],"curies":[{"name":"wp","href":"https:\/\/api.w.org\/{rel}","templated":true}]}}