{"id":2035,"date":"2016-11-27T18:36:36","date_gmt":"2016-11-27T16:36:36","guid":{"rendered":"http:\/\/tuerenberlin.de\/tuerenfachmann\/?page_id=2035"},"modified":"2016-12-02T18:06:04","modified_gmt":"2016-12-02T16:06:04","slug":"was-brauche-ich","status":"publish","type":"page","link":"https:\/\/tuerenberlin.de\/tuerenfachmann\/was-brauche-ich\/","title":{"rendered":"Was brauche ich?"},"content":{"rendered":"<p>Die richtige Wahl an Sicherungsma\u00dfnahmen ist immer individuell. Informieren Sie sich auf unserer Website umfassend zum Thema T\u00fcrensicherheit.<\/p>\n<p>1.) Die Widerstandsklassen geben Ihnen Aufschlu\u00df \u00fcber die Vorgehensweisen der Einbrecher und den Schutz, den die jeweilige Widerstandsklasse einer Haust\u00fcr bietet. <a href=\"http:\/\/tuerenberlin.de\/tuerenfachmann\/sicherheit-zu-hause\/was-sind-widerstandklassen\/\">Lesen Sie hier mehr &#8230;<\/a><\/p>\n<p>2.) Nehmen Sie die Beratung Ihrer \u00f6rtlichen Polizeidienststelle in Anspruch, denn schon bei der Planung ist es wichtig die Grundlagen zu ber\u00fccksichtigen. Die Firma HASKE ist bei der Kriminalpolizei Berlin als qualifizierter Errichter gelistet und unterst\u00fctzt Sie bei Auswahl und Montage. <\/p>\n<p>3.) Der Staat hilft mit. Die KFW f\u00f6rdert mit Zusch\u00fcssen bis zu 1.500 EUR. <a href=\"http:\/\/tuerenberlin.de\/tuerenfachmann\/kfw-foerderung-von-einbruchschutz\/\">Lesen Sie hier mehr oder rufen Sie uns einfach an 030 &#8211; 857 462 444 &#8230; <\/a><\/p>\n<p><img loading=\"lazy\" decoding=\"async\" src=\"http:\/\/tuerenberlin.de\/tuerenfachmann\/wp-content\/uploads\/2016\/11\/kein-bruch.jpg\" alt=\"kein-bruch\" width=\"701\" height=\"143\" class=\"alignnone size-full wp-image-1999\" srcset=\"https:\/\/tuerenberlin.de\/tuerenfachmann\/wp-content\/uploads\/2016\/11\/kein-bruch.jpg 701w, https:\/\/tuerenberlin.de\/tuerenfachmann\/wp-content\/uploads\/2016\/11\/kein-bruch-300x61.jpg 300w\" sizes=\"(max-width: 701px) 100vw, 701px\" \/><br \/>\nDie Firma HASKE ist in der Liste des Berliner Landeskriminalamts als speziell geschulter Betrieb gelistet, der die Montagearbeiten f\u00fcr Sicherheitst\u00fcren durchf\u00fchrt. Informieren Sie sich hier: <a href=\"https:\/\/www.berlin.de\/polizei\/aufgaben\/praevention\/diebstahl-und-einbruch\/artikel.125021.php\" target=\"_blank\"><strong>Errichterliste des LKA Berlin<\/strong><\/a><br \/>\n<\/strong><\/p>\n","protected":false},"excerpt":{"rendered":"<p>Die richtige Wahl an Sicherungsma\u00dfnahmen ist immer individuell. Informieren Sie sich auf unserer Website umfassend zum Thema T\u00fcrensicherheit. 1.) Die Widerstandsklassen geben Ihnen Aufschlu\u00df \u00fcber die Vorgehensweisen der Einbrecher und den Schutz, den die jeweilige Widerstandsklasse einer Haust\u00fcr bietet. Lesen Sie hier mehr &#8230; 2.) Nehmen Sie die Beratung Ihrer \u00f6rtlichen Polizeidienststelle in Anspruch, denn [&hellip;]<\/p>\n","protected":false},"author":1,"featured_media":0,"parent":0,"menu_order":0,"comment_status":"closed","ping_status":"closed","template":"","meta":{"footnotes":""},"class_list":["post-2035","page","type-page","status-publish","hentry"],"_links":{"self":[{"href":"https:\/\/tuerenberlin.de\/tuerenfachmann\/wp-json\/wp\/v2\/pages\/2035"}],"collection":[{"href":"https:\/\/tuerenberlin.de\/tuerenfachmann\/wp-json\/wp\/v2\/pages"}],"about":[{"href":"https:\/\/tuerenberlin.de\/tuerenfachmann\/wp-json\/wp\/v2\/types\/page"}],"author":[{"embeddable":true,"href":"https:\/\/tuerenberlin.de\/tuerenfachmann\/wp-json\/wp\/v2\/users\/1"}],"replies":[{"embeddable":true,"href":"https:\/\/tuerenberlin.de\/tuerenfachmann\/wp-json\/wp\/v2\/comments?post=2035"}],"version-history":[{"count":12,"href":"https:\/\/tuerenberlin.de\/tuerenfachmann\/wp-json\/wp\/v2\/pages\/2035\/revisions"}],"predecessor-version":[{"id":2159,"href":"https:\/\/tuerenberlin.de\/tuerenfachmann\/wp-json\/wp\/v2\/pages\/2035\/revisions\/2159"}],"wp:attachment":[{"href":"https:\/\/tuerenberlin.de\/tuerenfachmann\/wp-json\/wp\/v2\/media?parent=2035"}],"curies":[{"name":"wp","href":"https:\/\/api.w.org\/{rel}","templated":true}]}}