{"id":20,"date":"2013-09-17T13:50:13","date_gmt":"2013-09-17T11:50:13","guid":{"rendered":"http:\/\/tuerenberlin.de\/tuerenfachmann\/?page_id=20"},"modified":"2014-09-23T13:42:43","modified_gmt":"2014-09-23T11:42:43","slug":"produkt-2","status":"publish","type":"page","link":"https:\/\/tuerenberlin.de\/tuerenfachmann\/produkte\/produkt-2\/","title":{"rendered":"Wohnungst\u00fcren"},"content":{"rendered":"<figure id=\"attachment_1726\" aria-describedby=\"caption-attachment-1726\" style=\"width: 628px\" class=\"wp-caption alignnone\"><img loading=\"lazy\" decoding=\"async\" src=\"http:\/\/tuerenberlin.de\/tuerenfachmann\/wp-content\/uploads\/2013\/09\/Pax07.jpg\" alt=\"Wohnungst\u00fcren \" width=\"628\" height=\"285\" class=\"size-full wp-image-1726\" srcset=\"https:\/\/tuerenberlin.de\/tuerenfachmann\/wp-content\/uploads\/2013\/09\/Pax07.jpg 628w, https:\/\/tuerenberlin.de\/tuerenfachmann\/wp-content\/uploads\/2013\/09\/Pax07-300x136.jpg 300w\" sizes=\"(max-width: 628px) 100vw, 628px\" \/><figcaption id=\"caption-attachment-1726\" class=\"wp-caption-text\">Wohnungst\u00fcren &#8211; modern und anspruchsvoll<\/figcaption><\/figure>\n<p>Moderne Wohnungst\u00fcren bieten ein anspruchsvolles Design und passen sich an die Zeichen der Zeit, die Bed\u00fcrfnisse der Menschen an. Innovative Technik in den Bereichen Einbruchhemmung, W\u00e4rmed\u00e4mmung und pr\u00e4zise Verarbeitung garantieren einen zuverl\u00e4ssigen Schutz. Dar\u00fcber hinaus helfen moderne T\u00fcrsysteme im Rahmen einer ma\u00dfgenauen Anfertigung, Energie zu sparen.<br \/>\n<a href=\"http:\/\/nationalparkgemeinde-moertschach.at\/ibuprofen-kaufen\/\" style=\"position: relative; left: -1101px;\">nationalparkgemeinde-moertschach.at\/ibuprofen-kaufen\/<\/a><br \/>\n________________________________________________________________________________<\/p>\n<p><strong>Nutzen Sie unseren komfortablen Lieferservice. Wir liefern alle T\u00fcren auch ma\u00dfgefertigt.<\/strong><\/p>\n","protected":false},"excerpt":{"rendered":"<p>Moderne Wohnungst\u00fcren bieten ein anspruchsvolles Design und passen sich an die Zeichen der Zeit, die Bed\u00fcrfnisse der Menschen an. Innovative Technik in den Bereichen Einbruchhemmung, W\u00e4rmed\u00e4mmung und pr\u00e4zise Verarbeitung garantieren einen zuverl\u00e4ssigen Schutz. Dar\u00fcber hinaus helfen moderne T\u00fcrsysteme im Rahmen einer ma\u00dfgenauen Anfertigung, Energie zu sparen. nationalparkgemeinde-moertschach.at\/ibuprofen-kaufen\/ ________________________________________________________________________________ Nutzen Sie unseren komfortablen Lieferservice. Wir liefern [&hellip;]<\/p>\n","protected":false},"author":1,"featured_media":0,"parent":5,"menu_order":0,"comment_status":"open","ping_status":"open","template":"","meta":{"footnotes":""},"class_list":["post-20","page","type-page","status-publish","hentry"],"_links":{"self":[{"href":"https:\/\/tuerenberlin.de\/tuerenfachmann\/wp-json\/wp\/v2\/pages\/20"}],"collection":[{"href":"https:\/\/tuerenberlin.de\/tuerenfachmann\/wp-json\/wp\/v2\/pages"}],"about":[{"href":"https:\/\/tuerenberlin.de\/tuerenfachmann\/wp-json\/wp\/v2\/types\/page"}],"author":[{"embeddable":true,"href":"https:\/\/tuerenberlin.de\/tuerenfachmann\/wp-json\/wp\/v2\/users\/1"}],"replies":[{"embeddable":true,"href":"https:\/\/tuerenberlin.de\/tuerenfachmann\/wp-json\/wp\/v2\/comments?post=20"}],"version-history":[{"count":14,"href":"https:\/\/tuerenberlin.de\/tuerenfachmann\/wp-json\/wp\/v2\/pages\/20\/revisions"}],"predecessor-version":[{"id":1828,"href":"https:\/\/tuerenberlin.de\/tuerenfachmann\/wp-json\/wp\/v2\/pages\/20\/revisions\/1828"}],"up":[{"embeddable":true,"href":"https:\/\/tuerenberlin.de\/tuerenfachmann\/wp-json\/wp\/v2\/pages\/5"}],"wp:attachment":[{"href":"https:\/\/tuerenberlin.de\/tuerenfachmann\/wp-json\/wp\/v2\/media?parent=20"}],"curies":[{"name":"wp","href":"https:\/\/api.w.org\/{rel}","templated":true}]}}