{"id":187,"date":"2013-12-12T08:32:24","date_gmt":"2013-12-12T06:32:24","guid":{"rendered":"http:\/\/tuerenberlin.de\/tuerenfachmann\/?page_id=187"},"modified":"2014-08-21T18:20:26","modified_gmt":"2014-08-21T16:20:26","slug":"tuerelemente","status":"publish","type":"page","link":"https:\/\/tuerenberlin.de\/tuerenfachmann\/produkte\/tuerelemente\/","title":{"rendered":"Gestaltung"},"content":{"rendered":"<figure id=\"attachment_1751\" aria-describedby=\"caption-attachment-1751\" style=\"width: 628px\" class=\"wp-caption alignnone\"><img loading=\"lazy\" decoding=\"async\" src=\"http:\/\/tuerenberlin.de\/tuerenfachmann\/wp-content\/uploads\/2013\/12\/Pax-Gestaltung.jpg\" alt=\"Gestaltung von T\u00fcren\" width=\"628\" height=\"285\" class=\"size-full wp-image-1751\" srcset=\"https:\/\/tuerenberlin.de\/tuerenfachmann\/wp-content\/uploads\/2013\/12\/Pax-Gestaltung.jpg 628w, https:\/\/tuerenberlin.de\/tuerenfachmann\/wp-content\/uploads\/2013\/12\/Pax-Gestaltung-300x136.jpg 300w\" sizes=\"(max-width: 628px) 100vw, 628px\" \/><figcaption id=\"caption-attachment-1751\" class=\"wp-caption-text\">Gestaltungsm\u00f6glichkeiten sind vielf\u00e4ltig und individuell<\/figcaption><\/figure>\n<p>Zu allen T\u00fcren und Systemen geh\u00f6ren umfangreiche Zubeh\u00f6r-Kollektion. Es gibt auch hier eine gro\u00dfe Auswahl, die wir Ihnen gerne vorstellen. Wir f\u00fchren Produkte von 50 Top-Herstellern und beraten Sie zu Ihrem individuellen Bedarf.<\/p>\n<p>___________________________________________________________________________________________<br \/>\n<strong>Erleben, was Service hei\u00dft! Ihr T\u00fcrenfachmann in Berlin<\/strong><\/p>\n","protected":false},"excerpt":{"rendered":"<p>Zu allen T\u00fcren und Systemen geh\u00f6ren umfangreiche Zubeh\u00f6r-Kollektion. Es gibt auch hier eine gro\u00dfe Auswahl, die wir Ihnen gerne vorstellen. Wir f\u00fchren Produkte von 50 Top-Herstellern und beraten Sie zu Ihrem individuellen Bedarf. ___________________________________________________________________________________________ Erleben, was Service hei\u00dft! Ihr T\u00fcrenfachmann in Berlin<\/p>\n","protected":false},"author":1,"featured_media":0,"parent":5,"menu_order":0,"comment_status":"open","ping_status":"open","template":"","meta":{"footnotes":""},"class_list":["post-187","page","type-page","status-publish","hentry"],"_links":{"self":[{"href":"https:\/\/tuerenberlin.de\/tuerenfachmann\/wp-json\/wp\/v2\/pages\/187"}],"collection":[{"href":"https:\/\/tuerenberlin.de\/tuerenfachmann\/wp-json\/wp\/v2\/pages"}],"about":[{"href":"https:\/\/tuerenberlin.de\/tuerenfachmann\/wp-json\/wp\/v2\/types\/page"}],"author":[{"embeddable":true,"href":"https:\/\/tuerenberlin.de\/tuerenfachmann\/wp-json\/wp\/v2\/users\/1"}],"replies":[{"embeddable":true,"href":"https:\/\/tuerenberlin.de\/tuerenfachmann\/wp-json\/wp\/v2\/comments?post=187"}],"version-history":[{"count":9,"href":"https:\/\/tuerenberlin.de\/tuerenfachmann\/wp-json\/wp\/v2\/pages\/187\/revisions"}],"predecessor-version":[{"id":1752,"href":"https:\/\/tuerenberlin.de\/tuerenfachmann\/wp-json\/wp\/v2\/pages\/187\/revisions\/1752"}],"up":[{"embeddable":true,"href":"https:\/\/tuerenberlin.de\/tuerenfachmann\/wp-json\/wp\/v2\/pages\/5"}],"wp:attachment":[{"href":"https:\/\/tuerenberlin.de\/tuerenfachmann\/wp-json\/wp\/v2\/media?parent=187"}],"curies":[{"name":"wp","href":"https:\/\/api.w.org\/{rel}","templated":true}]}}