{"id":177,"date":"2013-12-12T08:16:31","date_gmt":"2013-12-12T06:16:31","guid":{"rendered":"http:\/\/tuerenberlin.de\/tuerenfachmann\/?page_id=177"},"modified":"2022-10-13T14:05:49","modified_gmt":"2022-10-13T12:05:49","slug":"portale","status":"publish","type":"page","link":"https:\/\/tuerenberlin.de\/tuerenfachmann\/produkte\/portale\/","title":{"rendered":"Portale"},"content":{"rendered":"<figure id=\"attachment_1739\" aria-describedby=\"caption-attachment-1739\" style=\"width: 628px\" class=\"wp-caption alignnone\"><img loading=\"lazy\" decoding=\"async\" class=\"size-full wp-image-1739\" src=\"https:\/\/tuerenberlin.de\/tuerenfachmann\/wp-content\/uploads\/2022\/10\/portale.jpg\" alt=\"Portale\" width=\"628\" height=\"285\"><figcaption id=\"caption-attachment-1739\" class=\"wp-caption-text\">Die wohl gro\u00dfz\u00fcgigste Form Besucher zu empfangen<\/figcaption><\/figure>\n<p>Machen Sie Ihren Haust\u00fcrtraum wahr! Portale sind die wohl gro\u00dfz\u00fcgigste Form Besucher zu empfangen, und die Gestaltungsspielr\u00e4ume sind vielf\u00e4ltig. W\u00e4hlen Sie aus einer Vielzahl von Seitenteilen, verglast oder mit F\u00fcllung, mit Oberlicht oder mit zwei Fl\u00fcgeln, symmetrisch oder asymmetrisch geteilt, Rundungen und \u00dcbergr\u00f6\u00dfen u.v.m.<\/p>\n<p>________________________________________________________________________<br \/>\n<strong>Ihre Ma\u00dfe sind unser Ma\u00dfstab. Erleben Sie, was Service hei\u00dft!<\/strong><\/p>\n","protected":false},"excerpt":{"rendered":"<p>Machen Sie Ihren Haust\u00fcrtraum wahr! Portale sind die wohl gro\u00dfz\u00fcgigste Form Besucher zu empfangen, und die Gestaltungsspielr\u00e4ume sind vielf\u00e4ltig. W\u00e4hlen Sie aus einer Vielzahl von Seitenteilen, verglast oder mit F\u00fcllung, mit Oberlicht oder mit zwei Fl\u00fcgeln, symmetrisch oder asymmetrisch geteilt, Rundungen und \u00dcbergr\u00f6\u00dfen u.v.m. ________________________________________________________________________ Ihre Ma\u00dfe sind unser Ma\u00dfstab. Erleben Sie, was Service hei\u00dft!<\/p>\n","protected":false},"author":1,"featured_media":0,"parent":5,"menu_order":0,"comment_status":"open","ping_status":"open","template":"","meta":{"footnotes":""},"class_list":["post-177","page","type-page","status-publish","hentry"],"_links":{"self":[{"href":"https:\/\/tuerenberlin.de\/tuerenfachmann\/wp-json\/wp\/v2\/pages\/177"}],"collection":[{"href":"https:\/\/tuerenberlin.de\/tuerenfachmann\/wp-json\/wp\/v2\/pages"}],"about":[{"href":"https:\/\/tuerenberlin.de\/tuerenfachmann\/wp-json\/wp\/v2\/types\/page"}],"author":[{"embeddable":true,"href":"https:\/\/tuerenberlin.de\/tuerenfachmann\/wp-json\/wp\/v2\/users\/1"}],"replies":[{"embeddable":true,"href":"https:\/\/tuerenberlin.de\/tuerenfachmann\/wp-json\/wp\/v2\/comments?post=177"}],"version-history":[{"count":16,"href":"https:\/\/tuerenberlin.de\/tuerenfachmann\/wp-json\/wp\/v2\/pages\/177\/revisions"}],"predecessor-version":[{"id":3518,"href":"https:\/\/tuerenberlin.de\/tuerenfachmann\/wp-json\/wp\/v2\/pages\/177\/revisions\/3518"}],"up":[{"embeddable":true,"href":"https:\/\/tuerenberlin.de\/tuerenfachmann\/wp-json\/wp\/v2\/pages\/5"}],"wp:attachment":[{"href":"https:\/\/tuerenberlin.de\/tuerenfachmann\/wp-json\/wp\/v2\/media?parent=177"}],"curies":[{"name":"wp","href":"https:\/\/api.w.org\/{rel}","templated":true}]}}